3 + -1 + 4)?
4
Calculate 1 - 9 - (14 - (-15 - -33)).
-4
What is the value of -5 - (-6 - (3 + -8))?
-4
What is (-8 - -7) + -2 + -1?
-4
What is the value of -7 - 2 - (1 - 5)?
-5
What is 0 - -3 - (-7 - (4 + -7))?
7
Evaluate 5 - (-6 + -1 + 9).
3
Calculate 1 + 2 + -2 + (1 - -3).
5
3 - -1 - (-53 - -51)
6
What is the value of 3 - 1 - (2 + 0 - -2)?
-2
Calculate (-2 - 2) + (-10 - (17 + -24)).
-7
What is the value of (-11 - -4) + 1 + 4?
-2
What is (7 - 0) + 7 + -15?
-1
Evaluate (0 - (0 - 3)) + (3 - 2).
4
Calculate 0 - 2 - (-4 + 5).
-3
What is the value of (8 - 4) + -2 + 0 + -2?
0
What is 0 + -5 - (-17 + 13)?
-1
What is the value of -6 + 0 - (-2 + -1)?
-3
(2 - -4) + 10 + -11
5
-2 + (-4 - (-1 + (-3 - -3)))
-5
Calculate 2 - (7 - 4) - -3.
2
What is the value of 44 + -38 - (7 + -1)?
0
2 + (6 - 10) - 1
-3
Evaluate (-2 - 0) + -7 + 17 + -16.
-8
What is -6 - 1 - (19 - 14 - 7)?
-5
3 + 0 + 0 + -2 + 1
2
What is -5 + -2 + (0 - (-9 + 6))?
-4
What is 25 + -22 + -6 + 0?
-3
Evaluate 2 + (-1 - (-11 - -9)).
3
-3 + -4 - -1 - -4
-2
What is 4 + 0 - 6 - 2?
-4
What is the value of -5 - (4 + -17 + 4)?
4
What is the value of (-5 - -9) + -4 - 5 - -1?
-4
What is the value of 1 - (-9 + 5) - 13 - -2?
-6
What is 1 - (1 - (4 - 4))?
0
What is the value of (-22 - -25) + (-4 + 2 - 2)?
-1
Evaluate 4 - (3 + 0 + -6 - -2).
5
What is -3 + (-7 + (8 - 4) - 2)?
-8
What is 2 + 2 + -4 - (-2 - -2)?
0
Evaluate -1 + 0 - 6 - (-11 - 0).
4
1 + (-3 - (1 + -3)) - 3
-3
What is -8 - -12 - -2 - (2 + -2)?
6
Calculate -1 + -2 - (17 + -15).
-5
What is -1 - -4 - (-2 - (2 + -6))?
1
What is the value of 4 + -5 + 0 + (0 - -2)?
1
What is 14 - (2 + -5 - -14)?
3
What is 4 - (4 - -8) - -2?
-6
5 + (3 - 4 - (-7 + 12))
-1
Evaluate 0 - (-6 + (3 - 1)).
4
-1 + (-4 - -6 - 2)
-1
What is -10 + -2 + 7 + 0 + 4?
-1
Calculate -6 + 0 + 9 - 6 - -5.
2
Calculate 1 + 2 + (-6 - (-12 - -3)).
6
What is the value of -9 + (4 - -2 - (12 + -10))?
-5
-5 + 5 + (-4 - -1 - 0)
-3
What is the value of 5 + (5 - (10 + 5))?
-5
What is the value of 9 + (6 - (14 - 2)) - 5?
-2
Calculate (-3 - -3) + -7 + 11 + -6.
-2
What is (3 - -1) + (6 - 3) + -5?
2
Calculate (9 + -4 - 3) + -9 + 2.
-5
Calculate -3 + 0 - (-7 - 2).
6
18 - 11 - (4 - -12)
-9
14 - (-9 - -20) - (6 - -1)
-4
Calculate 4 - (-3 + 4) - 4.
-1
Evaluate 0 + -1 + (8 + -7 - 5).
-5
3 + (2 - 1) + -7
-3
Calculate -1 - (-1 + (-1 - -3)).
-2
What is (17 - 7) + (-11 - -5)?
4
2 - (-1 - (-3 - (-3 + 2)))
1
What is the value of -11 - (-8 - -1 - (20 - 23))?
-7
Evaluate 2 - 5 - (1 + -1).
-3
Calculate 7 + (10 + -18 - 1).
-2
What is (-5 + (-4 - -12) - 2) + -5?
-4
Calculate (-5 - (-4 + 3)) + 0 + -1.
-5
Evaluate -4 + (-4 - -13) + 0.
5
Calculate (2 - 4) + 4 - -1.
3
Calculate -3 - (-2 - (6 + -2)).
3
-5 + (7 - (-19 + 11))
10
Calculate (5 - 12) + 16 + -7.
2
What is 7 - (15 + -2 + -5) - 6?
-7
What is (4 - 5 - -3) + -2?
0
Calculate 3 + -4 - 2 - 0 - -7.
4
3 + (-6 - (-5 + (2 - 0)))
0
Calculate 0 + -1 + -2 + 5 + -1.
1
Calculate 3 + -4 + (4 - (6 - 5)).
2
What is (2 - 0) + (-8 - -3) - -6?
3
What is 5 - (2 + 5) - -4?
2
What is the value of 1 - ((4 - 4) + -4)?
5
Evaluate 0 + 0 - (-1 + 1) - 3.
-3
Calculate (4 - (-1 + 8)) + 6.
3
Evaluate -17 + 12 - ((0 - 2) + 1).
-4
What is (4 - (-4 + 8 - -3)) + 7?
4
Calculate (-16 - -6) + 5 + 2.
-3
What is the value of -7 + 1 + (-3 - -6)?
-3
-8 - (8 + -1 + -10)
-5
What is (-1 - -6 - 6) + 3?
2
What is 6 - (2 + -2 + 6)?
0
Calculate -16 + 28 - (7 + 2).
3
What is the value of 5 - ((1 - 7) + 15)?
-4
5 + -4 + 2 - 6
-3
(1 - 8 - (-12 - -8)) + 7
4
Calculate 6 + 13 - (-2 - -12).
9
(-23 - -23) + (2 - 1)
1
What is 0 - (1 + 5 + -2)?
-4
Evaluate 2 - (-1 + (7 - 5)).
1
What is the value of -7 - (-3 + -1 + -2 - -2)?
-3
What is the value of -1 - (3 + (-7 - 4))?
7
-9 + 1 - (-14 + 6)
0
Calculate -3 + 1 + 0 + (9 - 8).
-1
What is 21 - (9 + 4 + -2)?
10
Evaluate (-6 - 3) + (15 - 11).
-5
What is 4 + (0 - 8) - (1 - 3)?
-2
Evaluate 0 + -2 + -2 - (13 - 13).
-4
What is the value of -1 + (7 - 2 - 1)?
3
Calculate 1 + (11 - 5) + -3.
4
-1 + 3 + -3 - (-53 - -60)
-8
Evaluate -8 + 4 - 3 - -2.
-5
0 + (5 - (5 - 3)) - 2
1
What is the value of 11 - (12 + (6 - 11))?
4
Calculate -6 + (-2 - (-2 - 3)).
-3
Evaluate 15 - 15 - (-2 + 7).
-5
Evaluate -15 - -22 - (1 - -6).
0
Evaluate 3 + -1 + 7 + -12 + 5.
2
18 - (-3 + 25 - 11)
7
Calculate -3 + 1 + (-7 - (-24 - -13)).
2
What is (16 - (3 + 2)) + -7?
4
What is the value of (6 - (-8 + 8)) + -6?
0
Evaluate (1 - -1) + (-5 - -6 - -2).
5
Evaluate -7 - -5 - ((4 - 3) + -3).
0
23 + -25 + 1 + -7
-8
-4 + 6 - (4 + -2 + -2)
2
Calculate 1 + 4 - -2 - 6.
1
What is the value of 11 - (4 + 0 - -7)?
0
Calculate 7 + -18 + (4 - -10).
3
What is -10 + 3 + 8 + -1 - 2?
-2
Evaluate 2 + 1 + (2 - 2).
3
What is the value of 1 + -2 - (-6 + -1)?
6
Calculate (1 - 7) + 0 + 9.
3
What is the value of 11 - (-3 - -7) - 5?
2
What is 1 - (-1 + (1 - 1)) - -3?
5
What is the value of -1 + (-9 - 1 - -12)?
1
Evaluate -1 + -3 + 1 + 0 + -2.
-5
What is the value of -3 - (1 + -4) - -4?
4
What is the value of 7 + -13 + 11 + -2?
3
What is the value of (-19 - -17) + 3 + -1 + 2?
2
What is -7 + 4 + 13 + -4?
6
What is 21 - 20 - (-6 + 15)?
-8
Evaluate (-1 - -2) + 1 - (-2 - -1).
3
Evaluate (1 - -9) + -52 + 45.
3
What is 3 + 5 + 0 + -6?
2
(-6 + -1 - 4) + 14
3
(2 - 6) + 3 + 5
4
What is the value of 14 + (-21 - -2 - -4 - -8)?
7
Evaluate -16 + 11 - (1 + -2).
-4
Calculate 3 + (-11 - (-4 - 1)).
-3
5 + (-9 - -7 - 4)
-1
What is the value of -1 + (2 - 7 - -4)?
-2
What is -8 - (-2 - 2) - (-9 - -6)?
-1
-4 - (2 + -6) - -1
1
What is the value of -2 - 3 - -8 - 3 - 5?
-5
Calculate 3 - (9 + -4 + -1 + -1).
0
What is 1 + -6 - ((-1 - 1) + 1)?
-4
What is the value of (1 - -3) + 11 - 10?
5
Evaluate -8 + 3 + (0 + 4 - 2).
-3
Calculate -5 + (4 - (-1 - -5)) + 7.
2
Calculate (-1 - -6) + 32 + -40.
-3
Calculate -1 + 9 + (-22 - -15).
1
6 - (8 - 6) - 7
-3
Calculate -3 + -2 - (-10 - (-2 + -9)).
-6
Evaluate -4 + 5 - (5 + 0).
-4
Evaluate (-2 - 12) + 10 - -13.
9
What is -4 - -5 - (14 + -7)?
-6
What is the value of 11 - (-3 - -16) - (-2 - -1)?
-1
Calculate -10 + 10 + -1 - 3.
-4
What is the value of (-11 + 7 - 2) + -1 - 2?
-9
(3 - 1) + 0 + -3 + -2
-3
Calculate 3 - (-5 + 6 - -3).
-1
What is 19 + -10 - 6 - (2 - 0)?
1
What is the value of (-1 - 1) + 81 + -71?
8
What is 2 - (-3 - (2 + -9))?
-2
-3 - (-2 - 3) - -1
3
Evaluate -3 - (-1 - 1) - 3.
-4
What is the value of 2 + (-1 - 2) + 0 - -3?
2
Evaluate 6 + 5 + -16 + 6.
1
What is 9 + -4 + (-1 - 3)?
1
7 + (-2 - 8) + 5
2
Calculate (-21 - -10) + 9 + -3.
-5
What is the value of (5 - (-2 - (-2 - 2))) + -10?
-7
Evaluate 1 - (5 + -1 + 3).
-6
6 - (13 + -6) - (2 + -2)
-1
-6 + (-2 - (-2 + 0) - -1)
-5
Evaluate -3 + (4 - -6 - (2 + 2)).
3
What is -4 + 8 + -4 + 5?
5
Evaluate -15 + 12 - (1 + -1).
-3
(-1 - (-5 - -2 - 4)) + -1
5
What is the value of 2 + 1 + (-5 - (2 - 4))?
0
Evaluate (-8 - -19) + -7 + -2.
2
What is the value of -17 - ((3 - 14) + 1)?
-7
Calculate -11 - -4 - -20 - 22.
-9
What is -4 + (4 - (4 - 6))?
2
Calculate (2 - 2 - 11) + 7.
-4
What is (2 - -7) + -6 - 4?
-1
(0 - -2) + -9 + 4 - -5
2
17 - 12 - (4 + 6)
-5
What is the value of -12 + 6 + 4 - -9?
7
(2 + -2 - 2) + 0 + -3
-5
Evaluate (-20 - -21) + 1 + 1.
3
What is the value of (0 - -11) + -1 - (93 + -87)?
4
Calculate 9 + (-16 + -2 - 1).
-10
What is the value of -4 - (-7 - 0 - -4)?
-1
Evaluate (-6 - -6) + -4 + 8.
4
What is -3 + 5 - 8 - -9?
3
What is the value of 2 + (3 - 7) + -1?
-3
What is 0 - 1 - (19 - 17)?
-3
5 - 4 - (-7 + (4 - -8))
-4
What is the value of -1 - (-1 - 12 - (6 + -12))?
6
Calculate 22 - 20 - (2 + 0).
0
Evaluate -6 - (-3 + -10) - 13.
-6
What is the value of 0 - -3 - (8 + (8 - 15))?
2
What is the value of (-16 + 9 - -12) + 2?
7
What is the value of -4 - (-8 + 6 + (1 - 7))?
4
Evaluate -13 - (9 - 4 - 11).
-7
Calculate 5 + (-6 + 6 + -1 - 6).
-2
-3 + -1 - (-17 - (-10 + -2))
1
What is the value of -8 - (3 + (3 - 5) + -5)?
-4
-5 + 1 + 7 - 4
-1
Calculate 9 + -11 + -1 + -2.
-5
Evaluate 2 - (2 - 3) - (-38 + 42).
-1
-1 - -13 - 6 - (5 - 0)
1
What is -5 + 0 + 0 + 0?
-5
What is -1 + 4 + -7 + (1 - 0)?
-3
Evaluate -4 - (3 - -3) - -5.
-5
What is 2 - (-2 + 6 - 2) - -2?
2
Calculate 6 + (-4 + 5 + 4 - 4).
7
Calculate -1 + 4 + (0 - 3).
0
What is the value of 0 + 7 + -6 + 4?
5
Calculate 0 - 5 - (-2 - (1 - 0)).
-2
Calculate (-1 - -2) + (-13 - -4 - -12).
4
9 + (4 - 16) + 10
7
Evaluate 6 + (-6 - (-1 - 1 - 0)).
2
(0